{"id":2141,"date":"2023-10-11T11:02:32","date_gmt":"2023-10-11T09:02:32","guid":{"rendered":"https:\/\/glasmij.com\/gartenbauglas-new\/?page_id=2141"},"modified":"2024-09-18T15:19:22","modified_gmt":"2024-09-18T13:19:22","slug":"projecten","status":"publish","type":"page","link":"https:\/\/glasmij.com\/gartenbauglas\/projecten\/","title":{"rendered":"Projekte"},"content":{"rendered":"<p>Seit Jahrzehnten liefern wir Gartenbauglas f\u00fcr Neubauprojekte sowie f\u00fcr den Austausch oder die Erweiterung bestehender Gew\u00e4chsh\u00e4user. Im Glasbereich gibt es im Gartenbau immer mehr Auswahlm\u00f6glichkeiten. Die H\u00f6he der Lichtdurchl\u00e4ssigkeit, ob diffuses Glas oder nicht, der Grad der Lichtstreuung (Hortiscatter oder Haze), oder eine m\u00f6gliche Antireflexionsbehandlung, sind Entscheidungsfaktoren. In Bezug auf die Glasauswahl gibt es ein breites Sortiment.<\/p>\n<p>Unter Glasinfo haben wir die verschiedenen Glasarten aufgelistet. Haben Sie Fragen, dann schicken Sie eine E-Mail an <a href=\"mailto:glasmij@glasmij.com\">glasmij@glasmij.com<\/a> oder rufen Sie uns gerne an Tel. +31 (0)77 3262777.<\/p>\n","protected":false},"excerpt":{"rendered":"<p>Seit Jahrzehnten liefern wir Gartenbauglas f\u00fcr Neubauprojekte sowie f\u00fcr den Austausch oder die Erweiterung bestehender &hellip; <a href=\"https:\/\/glasmij.com\/gartenbauglas\/projecten\/\" class=\"more-link\"><span class=\"screen-reader-text\">\u201eProjekte\u201c<\/span> weiterlesen<\/a><\/p>\n","protected":false},"author":6,"featured_media":0,"parent":0,"menu_order":0,"comment_status":"closed","ping_status":"closed","template":"","meta":{"_acf_changed":false,"footnotes":""},"class_list":["post-2141","page","type-page","status-publish","hentry"],"acf":[],"yoast_head":"<!-- This site is optimized with the Yoast SEO plugin v25.1 - https:\/\/yoast.com\/wordpress\/plugins\/seo\/ -->\n<title>Projekte - Gartenbauglas<\/title>\n<meta name=\"robots\" content=\"index, follow, max-snippet:-1, max-image-preview:large, max-video-preview:-1\" \/>\n<link rel=\"canonical\" href=\"https:\/\/glasmij.com\/gartenbauglas\/projecten\/\" \/>\n<meta property=\"og:locale\" content=\"de_DE\" \/>\n<meta property=\"og:type\" content=\"article\" \/>\n<meta property=\"og:title\" content=\"Projekte - Gartenbauglas\" \/>\n<meta property=\"og:description\" content=\"Seit Jahrzehnten liefern wir Gartenbauglas f\u00fcr Neubauprojekte sowie f\u00fcr den Austausch oder die Erweiterung bestehender &hellip; \u201eProjekte\u201c weiterlesen\" \/>\n<meta property=\"og:url\" content=\"https:\/\/glasmij.com\/gartenbauglas\/projecten\/\" \/>\n<meta property=\"og:site_name\" content=\"Gartenbauglas\" \/>\n<meta property=\"article:modified_time\" content=\"2024-09-18T13:19:22+00:00\" \/>\n<meta name=\"twitter:card\" content=\"summary_large_image\" \/>\n<meta name=\"twitter:label1\" content=\"Gesch\u00e4tzte Lesezeit\" \/>\n\t<meta name=\"twitter:data1\" content=\"1\u00a0Minute\" \/>\n<script type=\"application\/ld+json\" class=\"yoast-schema-graph\">{\"@context\":\"https:\/\/schema.org\",\"@graph\":[{\"@type\":\"WebPage\",\"@id\":\"https:\/\/glasmij.com\/gartenbauglas\/projecten\/\",\"url\":\"https:\/\/glasmij.com\/gartenbauglas\/projecten\/\",\"name\":\"Projekte - Gartenbauglas\",\"isPartOf\":{\"@id\":\"https:\/\/glasmij.com\/gartenbauglas\/#website\"},\"datePublished\":\"2023-10-11T09:02:32+00:00\",\"dateModified\":\"2024-09-18T13:19:22+00:00\",\"breadcrumb\":{\"@id\":\"https:\/\/glasmij.com\/gartenbauglas\/projecten\/#breadcrumb\"},\"inLanguage\":\"de\",\"potentialAction\":[{\"@type\":\"ReadAction\",\"target\":[\"https:\/\/glasmij.com\/gartenbauglas\/projecten\/\"]}]},{\"@type\":\"BreadcrumbList\",\"@id\":\"https:\/\/glasmij.com\/gartenbauglas\/projecten\/#breadcrumb\",\"itemListElement\":[{\"@type\":\"ListItem\",\"position\":1,\"name\":\"Home\",\"item\":\"https:\/\/glasmij.com\/gartenbauglas\/\"},{\"@type\":\"ListItem\",\"position\":2,\"name\":\"Projekte\"}]},{\"@type\":\"WebSite\",\"@id\":\"https:\/\/glasmij.com\/gartenbauglas\/#website\",\"url\":\"https:\/\/glasmij.com\/gartenbauglas\/\",\"name\":\"Gartenbauglas\",\"description\":\"\",\"potentialAction\":[{\"@type\":\"SearchAction\",\"target\":{\"@type\":\"EntryPoint\",\"urlTemplate\":\"https:\/\/glasmij.com\/gartenbauglas\/?s={search_term_string}\"},\"query-input\":{\"@type\":\"PropertyValueSpecification\",\"valueRequired\":true,\"valueName\":\"search_term_string\"}}],\"inLanguage\":\"de\"}]}<\/script>\n<!-- \/ Yoast SEO plugin. -->","yoast_head_json":{"title":"Projekte - Gartenbauglas","robots":{"index":"index","follow":"follow","max-snippet":"max-snippet:-1","max-image-preview":"max-image-preview:large","max-video-preview":"max-video-preview:-1"},"canonical":"https:\/\/glasmij.com\/gartenbauglas\/projecten\/","og_locale":"de_DE","og_type":"article","og_title":"Projekte - Gartenbauglas","og_description":"Seit Jahrzehnten liefern wir Gartenbauglas f\u00fcr Neubauprojekte sowie f\u00fcr den Austausch oder die Erweiterung bestehender &hellip; \u201eProjekte\u201c weiterlesen","og_url":"https:\/\/glasmij.com\/gartenbauglas\/projecten\/","og_site_name":"Gartenbauglas","article_modified_time":"2024-09-18T13:19:22+00:00","twitter_card":"summary_large_image","twitter_misc":{"Gesch\u00e4tzte Lesezeit":"1\u00a0Minute"},"schema":{"@context":"https:\/\/schema.org","@graph":[{"@type":"WebPage","@id":"https:\/\/glasmij.com\/gartenbauglas\/projecten\/","url":"https:\/\/glasmij.com\/gartenbauglas\/projecten\/","name":"Projekte - Gartenbauglas","isPartOf":{"@id":"https:\/\/glasmij.com\/gartenbauglas\/#website"},"datePublished":"2023-10-11T09:02:32+00:00","dateModified":"2024-09-18T13:19:22+00:00","breadcrumb":{"@id":"https:\/\/glasmij.com\/gartenbauglas\/projecten\/#breadcrumb"},"inLanguage":"de","potentialAction":[{"@type":"ReadAction","target":["https:\/\/glasmij.com\/gartenbauglas\/projecten\/"]}]},{"@type":"BreadcrumbList","@id":"https:\/\/glasmij.com\/gartenbauglas\/projecten\/#breadcrumb","itemListElement":[{"@type":"ListItem","position":1,"name":"Home","item":"https:\/\/glasmij.com\/gartenbauglas\/"},{"@type":"ListItem","position":2,"name":"Projekte"}]},{"@type":"WebSite","@id":"https:\/\/glasmij.com\/gartenbauglas\/#website","url":"https:\/\/glasmij.com\/gartenbauglas\/","name":"Gartenbauglas","description":"","potentialAction":[{"@type":"SearchAction","target":{"@type":"EntryPoint","urlTemplate":"https:\/\/glasmij.com\/gartenbauglas\/?s={search_term_string}"},"query-input":{"@type":"PropertyValueSpecification","valueRequired":true,"valueName":"search_term_string"}}],"inLanguage":"de"}]}},"_links":{"self":[{"href":"https:\/\/glasmij.com\/gartenbauglas\/wp-json\/wp\/v2\/pages\/2141","targetHints":{"allow":["GET"]}}],"collection":[{"href":"https:\/\/glasmij.com\/gartenbauglas\/wp-json\/wp\/v2\/pages"}],"about":[{"href":"https:\/\/glasmij.com\/gartenbauglas\/wp-json\/wp\/v2\/types\/page"}],"author":[{"embeddable":true,"href":"https:\/\/glasmij.com\/gartenbauglas\/wp-json\/wp\/v2\/users\/6"}],"replies":[{"embeddable":true,"href":"https:\/\/glasmij.com\/gartenbauglas\/wp-json\/wp\/v2\/comments?post=2141"}],"version-history":[{"count":10,"href":"https:\/\/glasmij.com\/gartenbauglas\/wp-json\/wp\/v2\/pages\/2141\/revisions"}],"predecessor-version":[{"id":2305,"href":"https:\/\/glasmij.com\/gartenbauglas\/wp-json\/wp\/v2\/pages\/2141\/revisions\/2305"}],"wp:attachment":[{"href":"https:\/\/glasmij.com\/gartenbauglas\/wp-json\/wp\/v2\/media?parent=2141"}],"curies":[{"name":"wp","href":"https:\/\/api.w.org\/{rel}","templated":true}]}}